{"id":7,"date":"2016-01-22T17:01:43","date_gmt":"2016-01-22T17:01:43","guid":{"rendered":"http:\/\/thepinehill.com\/reef\/?page_id=7"},"modified":"2025-05-03T21:49:27","modified_gmt":"2025-05-03T21:49:27","slug":"home","status":"publish","type":"page","link":"https:\/\/thepinehill.com\/reef\/","title":{"rendered":"Home"},"content":{"rendered":"<div class=\"wpb-content-wrapper\"><p>[vc_row content_placement=&#8221;top&#8221; css=&#8221;.vc_custom_1616504606197{margin-top: -10px !important;padding-top: 0px !important;padding-bottom: 0px !important;}&#8221;][vc_column css=&#8221;.vc_custom_1616504157825{margin-top: 0px !important;padding-top: 0px !important;padding-bottom: 0px !important;}&#8221;][vc_column_text][layerslider_vc id=&#8221;1&#8243;][\/vc_column_text][\/vc_column][\/vc_row][vc_row equal_height=&#8221;yes&#8221; content_placement=&#8221;middle&#8221; el_id=&#8221;downslider&#8221;][vc_column width=&#8221;1\/2&#8243; el_class=&#8221;borderflow&#8221; css=&#8221;.vc_custom_1453630015800{padding-right: 20px !important;padding-left: 20px !important;}&#8221;][vc_column_text css=&#8221;.vc_custom_1453636215235{margin-bottom: 0px !important;}&#8221;]<\/p>\n<h1 style=\"text-align: center;\"><span style=\"font-size: 36pt;\">Welcome to the Reef<\/span><\/h1>\n<p>[\/vc_column_text][vc_column_text el_class=&#8221;bigger-lines&#8221;]<\/p>\n<p style=\"text-align: center;\">From humble beginnings as a poolside bar, to finding its feet as one of Hisar\u00f6n\u00fc\u2019s places to be, The Reef Bar has prospered into one of the most unique and thriving bars in Hisar\u00f6n\u00fc.\u00a0 Wanting to enhance the caring service the hotel provided during the day, the bar was founded in 1999 by our dedicated staff members Halit Sertan Sara\u00e7 (Sonny), \u015eerif Durna (Sherrif), and Erkan Sar\u0131o\u011flu (Charlie) to continue our hospitality into the night.\u00a0 Our growing success owes its thanks to the staff who have worked here with us and from the wealth of support we have received from our guests, year upon year.\u00a0 Although the opening of the bar was a first-time experience for our staff, it inherited an influential history from The Holiday Hotel, as the resort was previously named.<\/p>\n<p>[\/vc_column_text]<div class=\" ubtn-ctn-center \"><a class=\"ubtn-link ult-adjust-bottom-margin ubtn-center ubtn-normal \" href=\"https:\/\/thepinehill.com\/reef\/about-us\/\" title=\"About Us\" ><button type=\"button\" id=\"ubtn-5671\"  class=\"ubtn ult-adjust-bottom-margin ult-responsive ubtn-normal ubtn-no-hover-bg  none  ubtn-center   tooltip-69e740049dfbb\"  data-hover=\"\" data-border-color=\"\" data-bg=\"#CB0000\" data-hover-bg=\"\" data-border-hover=\"\" data-shadow-hover=\"\" data-shadow-click=\"none\" data-shadow=\"\" data-shd-shadow=\"\"  data-ultimate-target='#ubtn-5671'  data-responsive-json-new='{\"font-size\":\"\",\"line-height\":\"\"}'  style=\"font-weight:normal;border:none;background: #CB0000;color: #FFFFFF;\"><span class=\"ubtn-hover\" style=\"background-color:\"><\/span><span class=\"ubtn-data ubtn-text \" >Read More<\/span><\/button><\/a><\/div>[\/vc_column][vc_column width=&#8221;1\/2&#8243; css=&#8221;.vc_custom_1453639797200{padding-right: 0px !important;padding-left: 0px !important;background-image: url(https:\/\/thepinehill.com\/reef\/wp-content\/uploads\/2016\/01\/reef-cocktail-bar-hw1000.jpg?id=35) !important;background-position: center !important;background-repeat: no-repeat !important;background-size: cover !important;}&#8221; el_class=&#8221;equal-borderflow&#8221;][vc_empty_space height=&#8221;600px&#8221;][\/vc_column][\/vc_row][vc_row full_width=&#8221;nowidthrow&#8221; gmbt_prlx_parallax_lvl=&#8221;1&#8243; css=&#8221;.vc_custom_1453714332178{background-image: url(https:\/\/thepinehill.com\/reef\/wp-content\/uploads\/2016\/01\/the-reef-bar-menu-bg2.jpg?id=52) !important;background-position: center !important;background-repeat: no-repeat !important;background-size: cover !important;}&#8221; font_color=&#8221;#ffffff&#8221;][vc_column][vc_empty_space height=&#8221;100px&#8221;][vc_cta h2=&#8221;The Reef Menu&#8221; h4=&#8221;Best quality original ingredients for flavour that is unbeatable.&#8221; txt_align=&#8221;center&#8221; el_width=&#8221;lg&#8221; add_button=&#8221;bottom&#8221; btn_title=&#8221;View Menu&#8221; btn_style=&#8221;flat&#8221; btn_shape=&#8221;square&#8221; btn_color=&#8221;juicy-pink&#8221; btn_align=&#8221;center&#8221; css=&#8221;&#8221; btn_link=&#8221;url:https%3A%2F%2Fthepinehill.com%2Freef%2Fmenu&#8221;]<\/p>\n<p style=\"text-align: center;\">Unique drinks are made, wherever possible, using the best quality original ingredients for flavour that is unbeatable.<\/p>\n<p style=\"text-align: center;\">We offer gourmet style world cuisine, with a unique presentation and ingredients sourced from far and wide and freshly prepared by our highly skilled, world travelled chefs in a high-tech kitchen.<\/p>\n<p>[\/vc_cta][vc_empty_space height=&#8221;100px&#8221;][\/vc_column][\/vc_row][vc_row css=&#8221;.vc_custom_1453714339114{margin-top: 10px !important;}&#8221;][vc_column css=&#8221;.vc_custom_1595181679874{padding-bottom: 0px !important;}&#8221;][vc_text_separator title=&#8221;Follow Us&#8221; el_width=&#8221;80&#8243;][\/vc_column][\/vc_row][vc_row css=&#8221;.vc_custom_1595181653601{margin-top: 0px !important;padding-top: 0px !important;}&#8221;][vc_column width=&#8221;1\/4&#8243;][\/vc_column][vc_column width=&#8221;1\/4&#8243;]<div class=\" ubtn-ctn-center \"><a class=\"ubtn-link ult-adjust-bottom-margin ubtn-center ubtn-normal \" href=\"https:\/\/www.facebook.com\/thereef.bistro\" target=\"_blank\" rel=\"noopener\" ><button type=\"button\" id=\"ubtn-1066\"  class=\"ubtn ult-adjust-bottom-margin ult-responsive ubtn-normal ubtn-no-hover-bg  none  ubtn-center   tooltip-69e740049e069\"  data-hover=\"\" data-border-color=\"\" data-bg=\"#1E73BE\" data-hover-bg=\"\" data-border-hover=\"\" data-shadow-hover=\"\" data-shadow-click=\"none\" data-shadow=\"\" data-shd-shadow=\"\"  data-ultimate-target='#ubtn-1066'  data-responsive-json-new='{\"font-size\":\"\",\"line-height\":\"\"}'  style=\"font-weight:normal;border:none;background: #1E73BE;color: #FFFFFF;\"><span class=\"ubtn-hover\" style=\"background-color:\"><\/span><span class=\"ubtn-data ubtn-text \" >FACEBOOK<\/span><\/button><\/a><\/div>[vc_raw_html]JTNDZGl2JTIwc3R5bGUlM0QlMjJ3aWR0aCUzQTE1MHB4JTNCJTIwbWFyZ2luJTNBJTIwMCUyMGF1dG8lM0IlMjIlM0UlM0NkaXYlMjBpZCUzRCUyMlRBX2NlcnRpZmljYXRlT2ZFeGNlbGxlbmNlNzQ1JTIyJTIwY2xhc3MlM0QlMjJUQV9jZXJ0aWZpY2F0ZU9mRXhjZWxsZW5jZSUyMiUzRSUzQ3VsJTIwaWQlM0QlMjJudjZyTld5OTJUJTIyJTIwY2xhc3MlM0QlMjJUQV9saW5rcyUyMGg1WWJhQiUyMiUzRSUzQ2xpJTIwaWQlM0QlMjJ6QXJNVERKJTIyJTIwY2xhc3MlM0QlMjJTNERhRlh3cjNJVWolMjIlM0UlM0NhJTIwdGFyZ2V0JTNEJTIyX2JsYW5rJTIyJTIwaHJlZiUzRCUyMmh0dHBzJTNBJTJGJTJGd3d3LnRyaXBhZHZpc29yLmNvLnVrJTJGUmVzdGF1cmFudF9SZXZpZXctZzYwOTA1NS1kNTUxMjgyOC1SZXZpZXdzLVRoZV9SZWVmX0Jhcl9CaXN0cm9fQ2x1Yi1IaXNhcm9udV9PbHVkZW5pel9NdWdsYV9Qcm92aW5jZV9UdXJraXNoX0FlZ2Vhbl9Db2FzdC5odG1sJTIyJTNFJTNDaW1nJTIwc3JjJTNEJTIyaHR0cHMlM0ElMkYlMkZ3d3cudHJpcGFkdmlzb3IuY28udWslMkZpbWclMkZjZHNpJTJGaW1nMiUyRmF3YXJkcyUyRnYyJTJGdGNob3RlbF8yMDIwX0xMLTE0MzQ4LTIucG5nJTIyJTIwYWx0JTNEJTIyVHJpcEFkdmlzb3IlMjIlMjBjbGFzcyUzRCUyMndpZENPRUltZyUyMiUyMGlkJTNEJTIyQ0RTV0lEQ09FTE9HTyUyMiUyRiUzRSUzQyUyRmElM0UlM0MlMkZsaSUzRSUzQyUyRnVsJTNFJTNDJTJGZGl2JTNFJTNDc2NyaXB0JTIwYXN5bmMlMjBzcmMlM0QlMjJodHRwcyUzQSUyRiUyRnd3dy5qc2NhY2hlLmNvbSUyRndlanMlM0Z3dHlwZSUzRGNlcnRpZmljYXRlT2ZFeGNlbGxlbmNlJTI2YW1wJTNCdW5pcSUzRDc0NSUyNmFtcCUzQmxvY2F0aW9uSWQlM0Q1NTEyODI4JTI2YW1wJTNCbGFuZyUzRGVuX1VLJTI2YW1wJTNCeWVhciUzRDIwMjAlMjZhbXAlM0JkaXNwbGF5X3ZlcnNpb24lM0QyJTIyJTIwZGF0YS1sb2FkdHJrJTIwb25sb2FkJTNEJTIydGhpcy5sb2FkdHJrJTNEdHJ1ZSUyMiUzRSUzQyUyRnNjcmlwdCUzRSUzQyUyRmRpdiUzRQ==[\/vc_raw_html][\/vc_column][vc_column width=&#8221;1\/4&#8243;]<div class=\" ubtn-ctn-center \"><a class=\"ubtn-link ult-adjust-bottom-margin ubtn-center ubtn-normal \" href=\"https:\/\/www.instagram.com\/thereef.bistro\/\" target=\"_blank\" rel=\"noopener\" ><button type=\"button\" id=\"ubtn-9057\"  class=\"ubtn ult-adjust-bottom-margin ult-responsive ubtn-normal ubtn-no-hover-bg  none  ubtn-center   tooltip-69e740049e0b1\"  data-hover=\"\" data-border-color=\"\" data-bg=\"#C21010\" data-hover-bg=\"\" data-border-hover=\"\" data-shadow-hover=\"\" data-shadow-click=\"none\" data-shadow=\"\" data-shd-shadow=\"\"  data-ultimate-target='#ubtn-9057'  data-responsive-json-new='{\"font-size\":\"\",\"line-height\":\"\"}'  style=\"font-weight:normal;border:none;background: #C21010;color: #FFFFFF;\"><span class=\"ubtn-hover\" style=\"background-color:\"><\/span><span class=\"ubtn-data ubtn-text \" >INSTAGRAM<\/span><\/button><\/a><\/div>[vc_raw_html]JTNDZGl2JTIwc3R5bGUlM0QlMjJ3aWR0aCUzQTE1MHB4JTNCJTIwbWFyZ2luJTNBJTIwMCUyMGF1dG8lM0IlMjIlM0UlM0NkaXYlMjBpZCUzRCUyMlRBX2V4Y2VsbGVudDIzMSUyMiUyMGNsYXNzJTNEJTIyVEFfZXhjZWxsZW50JTIyJTNFJTNDdWwlMjBpZCUzRCUyMjZCRzViR2ZrSHpIcyUyMiUyMGNsYXNzJTNEJTIyVEFfbGlua3MlMjBTU280SVJCNlpiSFclMjIlM0UlM0NsaSUyMGlkJTNEJTIyQmx2Q2N1JTIyJTIwY2xhc3MlM0QlMjJrUkcyY0RLMHIlMjIlM0UlM0NhJTIwdGFyZ2V0JTNEJTIyX2JsYW5rJTIyJTIwaHJlZiUzRCUyMmh0dHBzJTNBJTJGJTJGd3d3LnRyaXBhZHZpc29yLmNvLnVrJTJGUmVzdGF1cmFudF9SZXZpZXctZzYwOTA1NS1kNTUxMjgyOC1SZXZpZXdzLVRoZV9SZWVmX0Jhcl9CaXN0cm9fQ2x1Yi1IaXNhcm9udV9PbHVkZW5pel9NdWdsYV9Qcm92aW5jZV9UdXJraXNoX0FlZ2Vhbl9Db2FzdC5odG1sJTIyJTNFJTNDaW1nJTIwc3JjJTNEJTIyaHR0cHMlM0ElMkYlMkZzdGF0aWMudGFjZG4uY29tJTJGaW1nMiUyRmJyYW5kX3JlZnJlc2glMkZUcmlwYWR2aXNvcl9sb2NrdXBfaG9yaXpvbnRhbF9zZWNvbmRhcnlfcmVnaXN0ZXJlZC5zdmclMjIlMjBhbHQlM0QlMjJUcmlwQWR2aXNvciUyMiUyMGNsYXNzJTNEJTIyd2lkRVhDSU1HJTIyJTIwaWQlM0QlMjJDRFNXSURFWENMT0dPJTIyJTJGJTNFJTNDJTJGYSUzRSUzQyUyRmxpJTNFJTNDJTJGdWwlM0UlM0MlMkZkaXYlM0UlM0NzY3JpcHQlMjBhc3luYyUyMHNyYyUzRCUyMmh0dHBzJTNBJTJGJTJGd3d3LmpzY2FjaGUuY29tJTJGd2VqcyUzRnd0eXBlJTNEZXhjZWxsZW50JTI2YW1wJTNCdW5pcSUzRDIzMSUyNmFtcCUzQmxvY2F0aW9uSWQlM0Q1NTEyODI4JTI2YW1wJTNCbGFuZyUzRGVuX1VLJTI2YW1wJTNCZGlzcGxheV92ZXJzaW9uJTNEMiUyMiUyMGRhdGEtbG9hZHRyayUyMG9ubG9hZCUzRCUyMnRoaXMubG9hZHRyayUzRHRydWUlMjIlM0UlM0MlMkZzY3JpcHQlM0UlM0MlMkZkaXYlM0U=[\/vc_raw_html][\/vc_column][vc_column width=&#8221;1\/4&#8243;][\/vc_column][\/vc_row]<\/p>\n<\/div>","protected":false},"excerpt":{"rendered":"<p>[vc_row content_placement=&#8221;top&#8221; css=&#8221;.vc_custom_1616504606197{margin-top: -10px !important;padding-top: 0px !important;padding-bottom: 0px !important;}&#8221;][vc_column css=&#8221;.vc_custom_1616504157825{margin-top:  [&#8230;]<\/p>\n","protected":false},"author":1,"featured_media":0,"parent":0,"menu_order":0,"comment_status":"closed","ping_status":"closed","template":"100-width.php","meta":{"footnotes":""},"class_list":["post-7","page","type-page","status-publish","hentry"],"_links":{"self":[{"href":"https:\/\/thepinehill.com\/reef\/wp-json\/wp\/v2\/pages\/7","targetHints":{"allow":["GET"]}}],"collection":[{"href":"https:\/\/thepinehill.com\/reef\/wp-json\/wp\/v2\/pages"}],"about":[{"href":"https:\/\/thepinehill.com\/reef\/wp-json\/wp\/v2\/types\/page"}],"author":[{"embeddable":true,"href":"https:\/\/thepinehill.com\/reef\/wp-json\/wp\/v2\/users\/1"}],"replies":[{"embeddable":true,"href":"https:\/\/thepinehill.com\/reef\/wp-json\/wp\/v2\/comments?post=7"}],"version-history":[{"count":15,"href":"https:\/\/thepinehill.com\/reef\/wp-json\/wp\/v2\/pages\/7\/revisions"}],"predecessor-version":[{"id":664,"href":"https:\/\/thepinehill.com\/reef\/wp-json\/wp\/v2\/pages\/7\/revisions\/664"}],"wp:attachment":[{"href":"https:\/\/thepinehill.com\/reef\/wp-json\/wp\/v2\/media?parent=7"}],"curies":[{"name":"wp","href":"https:\/\/api.w.org\/{rel}","templated":true}]}}