{"id":955,"date":"2021-06-03T09:25:35","date_gmt":"2021-06-03T09:25:35","guid":{"rendered":"http:\/\/thepinehill.com\/hotel\/?page_id=955"},"modified":"2025-05-03T13:38:52","modified_gmt":"2025-05-03T13:38:52","slug":"protection-of-personal-data_lppd","status":"publish","type":"page","link":"https:\/\/thepinehill.com\/hotel\/protection-of-personal-data_lppd\/","title":{"rendered":"Protection of Personal Data_LPPD"},"content":{"rendered":"<div class=\"fusion-fullwidth fullwidth-box fusion-builder-row-1 fusion-flex-container nonhundred-percent-fullwidth non-hundred-percent-height-scrolling\" style=\"--awb-border-radius-top-left:0px;--awb-border-radius-top-right:0px;--awb-border-radius-bottom-right:0px;--awb-border-radius-bottom-left:0px;--awb-margin-top:140px;--awb-margin-top-small:0px;--awb-flex-wrap:wrap;\" ><div class=\"fusion-builder-row fusion-row fusion-flex-align-items-flex-start fusion-flex-content-wrap\" style=\"max-width:1248px;margin-left: calc(-4% \/ 2 );margin-right: calc(-4% \/ 2 );\"><div class=\"fusion-layout-column fusion_builder_column fusion-builder-column-0 fusion_builder_column_1_1 1_1 fusion-flex-column\" style=\"--awb-bg-size:cover;--awb-width-large:100%;--awb-margin-top-large:0px;--awb-spacing-right-large:1.92%;--awb-margin-bottom-large:0px;--awb-spacing-left-large:1.92%;--awb-width-medium:100%;--awb-spacing-right-medium:1.92%;--awb-spacing-left-medium:1.92%;--awb-width-small:100%;--awb-spacing-right-small:1.92%;--awb-spacing-left-small:1.92%;\"><div class=\"fusion-column-wrapper fusion-flex-justify-content-flex-start fusion-content-layout-column\"><div class=\"fusion-text fusion-text-1\"><h2><span style=\"font-family: arial, helvetica, sans-serif;\">INFORMATION PURSUANT TO THE LAW NO. 6698 ON THE PROTECTION OF PERSONAL DATA<\/span><\/h2>\n<p><span style=\"font-family: arial, helvetica, sans-serif;\"><strong>a. Identity of data controller and (if any) representative:<\/strong><\/span><\/p>\n<p><span style=\"font-family: arial, helvetica, sans-serif;\">This information notice is served under the Law No. 6698 on the Protection of Personal Data (&#8220;LPPD&#8221;) in the capacity of Data Controller to the business partners, shareholders and customers of \u201cG\u00fcndem Ofset Yay\u0131nc\u0131l\u0131k \u0130n\u015faat G\u00fczellik Merkezi \u00d6zel E\u011fitim ve Turizm A.\u015e.&#8221; and natural or legal persons it maintains contact with in order to fulfill its information obligation.<\/span><\/p>\n<p><span style=\"font-family: arial, helvetica, sans-serif;\"><strong>b. For what purpose personal data will be processed:<\/strong><\/span><\/p>\n<p><span style=\"font-family: arial, helvetica, sans-serif;\">Your personal data may vary depending on the services, products or commercial activities of your Company, and may be collected verbally, in writing or electronically through automated or non-automated means, offices, branches, dealers, call center, website, social media platforms, mobile applications and similar means. Your personal data may be created, updated and processed as long as you make use of our company&#8217;s products and services.<\/span><\/p>\n<p><span style=\"font-family: arial, helvetica, sans-serif;\">In addition, your personal data may be processed when you use our call center or website for making use of our Company services, or visit our Company or website, or attend the trainings, seminars or organizations held by your Company.<\/span><br \/><span style=\"font-family: arial, helvetica, sans-serif;\">Your personal data collected shall be processed for the purposes and conditions of personal data processing set forth in Articles 5 and 6 of the LPPD in order to allow our business units to carry out necessary activities to make sure that you can make use of the products and services offered by our Company, customize the products and services offered by our Company according to your preferences, usage habits and requirements and offer you customized products and services, ensure the legal and commercial safety of our Company and the parties with whom our Company engages in business relationship (administrative operations carried out by our Company for communication, ensuring the physical security and inspection of Company-owned locations, business partner\/customer\/supplier (authorized representatives or employees) assessment procedures, legal compliance process, administrative works, etc.), determine and implement the commercial and business strategies of our Company and implement the human resources policies of our Company.<\/span><\/p>\n<p><span style=\"font-family: arial, helvetica, sans-serif;\"><strong>c. To whom and for which purposes the processed personal data may be transferred;<\/strong><\/span><\/p>\n<p><span style=\"font-family: arial, helvetica, sans-serif;\">Your personal data collected may be transferred to our business partners, suppliers, THe PineHill Hotel &amp; Suites our shareholders and public institutions and natural persons authorized under the law for the purposes and conditions of personal data processing set forth in Articles 8 and 9 of the LPPD in order to allow our business units to carry out necessary activities to make sure that you can make use of the products and services offered by our Company, customize the products and services offered by our Company according to your preferences, usage habits and requirements and offer you the customized products and services, ensure the legal and commercial security of our Company and the parties with whom our Company engages in business relationship (administrative operations carried out by our Company for communication, ensuring the physical security and inspection of Company-owned locations, business partner\/customer\/supplier (authorized representatives or employees) assessment procedures, legal compliance process, administrative works, etc.), determine and implement the commercial and business strategies of our Company and implement the human resources policies of our Company.<\/span><\/p>\n<p><span style=\"font-family: arial, helvetica, sans-serif;\"><strong>\u00e7. Method and legal basis for collecting personal data<\/strong><\/span><\/p>\n<p><span style=\"font-family: arial, helvetica, sans-serif;\">Your personal data are obtained in all kinds of verbal, written or electronic environment for the purposes set forth above in order to offer the products and services we provide as the Company in accordance with the defined legal framework and to allow our Company to fulfill its responsibilities arising under the agreement and the law in this regard in full and correctly. Thus your personal data collected for such purposes may be processed and transferred for the purposes set forth in Articles (1) and (2) of this text in accordance with the purposes and conditions of personal data processing set forth in Articles 5 and 6 of the LPPD.<\/span><\/p>\n<p><span style=\"font-family: arial, helvetica, sans-serif;\"><strong>d. Rights of the Data Subject:<\/strong><\/span><\/p>\n<p><span style=\"font-family: arial, helvetica, sans-serif;\">Under the LPPD, as regards your personal data, you are entitled to<\/span><\/p>\n<p><span style=\"font-family: arial, helvetica, sans-serif;\">&#8211; learn whether any personal data is processed;<\/span><br \/><span style=\"font-family: arial, helvetica, sans-serif;\">&#8211; if personal data are processed, request information on such processing;<\/span><br \/><span style=\"font-family: arial, helvetica, sans-serif;\">&#8211; learn the processing purpose of the personal data and whether such collected data are used for the intended purpose;<\/span><br \/><span style=\"font-family: arial, helvetica, sans-serif;\">&#8211; learn the identity of third parties to whom personal data are transferred in or out of the country;<\/span><br \/><span style=\"font-family: arial, helvetica, sans-serif;\">&#8211; request correction of any personal data which is processed incompletely or inaccurately;<\/span><br \/><span style=\"font-family: arial, helvetica, sans-serif;\">&#8211; if grounds requiring the processing of your personal data cease to exist, request their deletion or destruction;<\/span><br \/><span style=\"font-family: arial, helvetica, sans-serif;\">&#8211; request your corrected or deleted, or (if applicable) transferred data to be notified to third parties to whom personal data are transferred;<\/span><br \/><span style=\"font-family: arial, helvetica, sans-serif;\">&#8211; file an objection against an outcome which is against your interest, as a result of analysis of the processed data exclusively with automated systems, and<\/span><br \/><span style=\"font-family: arial, helvetica, sans-serif;\">&#8211; claim compensation of any damages you suffer as a result of unlawful processing of the personal data.<\/span><\/p>\n<p><span style=\"font-family: arial, helvetica, sans-serif;\">In order to exercise your above-mentioned rights, you need to send your written request together with the information identifying your identity and your explanations related to the rights you wish to exercise to the address &#8220;196 Sokak No.4 Hisar\u00f6n\u00fc\/\u00d6l\u00fcdeniz Mahallesi\/Fethiye\/Mu\u011fla&#8221; &nbsp;in wet signed form or to our registered e-mail address&nbsp;<a href=\"mailto:info@thepinehill.com\">info@thepinehill.com<\/a> &nbsp;bearing secure electronic signature.<\/span><\/p>\n<p><span style=\"font-family: arial, helvetica, sans-serif;\">In the application you will file for exercising your above-mentioned rights you hold as data subject which will contain your explanations related to the right you want to use, your claim should be clear and understandable, should be related to you personally, or if you are acting on behalf of others, you need to be specifically authorized on the issue and your power should be documented, your application needs to contain identity and address information and you should attach documents proving your identity to your application.<\/span><\/p>\n<p><span style=\"font-family: arial, helvetica, sans-serif;\">In this connection, applications shall be concluded as soon as possible and within 30 days at the latest. Such applications are free of charge for the moment. However, if the procedure requires an additional cost, the fee specified in the tariff determined by the Personal Data Protection Board may be charged.<\/span><\/p>\n<p><span style=\"font-family: arial, helvetica, sans-serif;\"><a href=\"https:\/\/thepinehill.com\/hotel\/wp-content\/uploads\/2021\/06\/kvkk-personal-data-protection-law-application-form_EN.doc\" target=\"_blank\" rel=\"noopener\">APPLICATION FORM DOWNLOAD<\/a><\/span><\/p>\n<ul>\n<li><span style=\"font-family: arial, helvetica, sans-serif;\"><strong>M\u00fc\u015fteri \u00d6zel Nitelikli Ki\u015fisel Verilerinin \u0130\u015flenmesine \u0130li\u015fkin A\u00e7\u0131k R\u0131za Beyan\u0131:<\/strong><\/span><\/li>\n<\/ul>\n<p><span style=\"font-family: arial, helvetica, sans-serif;\"><strong>\u015eirket<\/strong>&nbsp;taraf\u0131ndan 6698 say\u0131l\u0131 Ki\u015fisel Verilerin Korunmas\u0131 Kanunu\u2019nun (\u201c<strong>KVK Kanunu<\/strong>\u201d olarak an\u0131lacakt\u0131r) ilgili h\u00fck\u00fcmlerine uygun olarak bilginize sunulan \u201cKi\u015fisel Verilerin \u0130\u015flenmesine \u0130li\u015fkin Ayd\u0131nlatma Metni\u201dnin s\u0131n\u0131rlar\u0131 \u00e7er\u00e7evesinde,&nbsp;<strong>\u015eirket<\/strong>&nbsp;taraf\u0131ndan sunulan \u00fcr\u00fcn ve hizmetlerin sizlerin be\u011feni, kullan\u0131m al\u0131\u015fkanl\u0131klar\u0131 ve ihtiya\u00e7lar\u0131na g\u00f6re \u00f6zelle\u015ftirilerek \u015fekillendirilebilmesini, ilgili s\u00fcre\u00e7 kapsam\u0131nda i\u015flenme amac\u0131 ile s\u0131n\u0131rl\u0131 olmak \u00fczere kullan\u0131lmas\u0131n\u0131 ve payla\u015f\u0131lmas\u0131n\u0131, gereken s\u00fcre zarf\u0131nda saklanmas\u0131n\u0131 ve bu hususta taraf\u0131ma gerekli ayd\u0131nlatman\u0131n yap\u0131ld\u0131\u011f\u0131n\u0131, i\u015fbu metni, bu do\u011frultuda&nbsp;<strong>\u015eirket<\/strong>\u2019in \u201cKi\u015fisel Verilerin \u0130\u015flenmesine \u0130li\u015fkin Ayd\u0131nlatma Metni\u201dni okudu\u011fumu, anlad\u0131\u011f\u0131m\u0131, herhangi bir etki alt\u0131nda kalmaks\u0131z\u0131n \u00f6zel nitelikli ki\u015fisel verilerimin&nbsp;<strong>\u015eirket<\/strong>&nbsp;ve \u201cKi\u015fisel Verilerin \u0130\u015flenmesine \u0130li\u015fkin Ayd\u0131nlatma Metni\u201dnde belirtilen ger\u00e7ek ve t\u00fczel ki\u015filer taraf\u0131ndan i\u015flenmesine a\u00e7\u0131k bir \u015fekilde r\u0131za g\u00f6sterdi\u011fimi kabul, beyan ve taahh\u00fct ederim.<\/span><\/p>\n<p><span style=\"font-family: arial, helvetica, sans-serif;\"><a href=\"https:\/\/thepinehill.com\/hotel\/wp-content\/uploads\/2021\/06\/kvkk-ki\u015fisel-verilerin-korunmas\u0131-kanunu-ba\u015fvuru-formu_TR.doc\" target=\"_blank\" rel=\"noopener\">KVKK ba\u015fvuru formunu indir<\/a><\/span><\/p>\n<\/div><\/div><\/div><\/div><\/div>\n","protected":false},"excerpt":{"rendered":"INFORMATION PURSUANT TO THE LAW NO. 6698 ON THE PROTECTION  [...]","protected":false},"author":1,"featured_media":0,"parent":0,"menu_order":0,"comment_status":"closed","ping_status":"closed","template":"","meta":{"footnotes":""},"class_list":["post-955","page","type-page","status-publish","hentry"],"_links":{"self":[{"href":"https:\/\/thepinehill.com\/hotel\/wp-json\/wp\/v2\/pages\/955","targetHints":{"allow":["GET"]}}],"collection":[{"href":"https:\/\/thepinehill.com\/hotel\/wp-json\/wp\/v2\/pages"}],"about":[{"href":"https:\/\/thepinehill.com\/hotel\/wp-json\/wp\/v2\/types\/page"}],"author":[{"embeddable":true,"href":"https:\/\/thepinehill.com\/hotel\/wp-json\/wp\/v2\/users\/1"}],"replies":[{"embeddable":true,"href":"https:\/\/thepinehill.com\/hotel\/wp-json\/wp\/v2\/comments?post=955"}],"version-history":[{"count":2,"href":"https:\/\/thepinehill.com\/hotel\/wp-json\/wp\/v2\/pages\/955\/revisions"}],"predecessor-version":[{"id":1339,"href":"https:\/\/thepinehill.com\/hotel\/wp-json\/wp\/v2\/pages\/955\/revisions\/1339"}],"wp:attachment":[{"href":"https:\/\/thepinehill.com\/hotel\/wp-json\/wp\/v2\/media?parent=955"}],"curies":[{"name":"wp","href":"https:\/\/api.w.org\/{rel}","templated":true}]}}